t r(l) be the second derivative of -l**5/10 + l**4/12 + l**2/2 + 3*l. Give r(2).
-11
Let u(r) = -3*r + 5. Let n(v) = -2*v + 2. Let l(a) = 5*n(a) - 3*u(a). Calculate l(-6).
1
Suppose 4*s + 2 = -6. Suppose -3 = -k - 4*r + 10, 4*k = r + 1. Let g(n) = 8*n - 2*n - 7*n + 0*n - k. Determine g(s).
1
Let y(h) = 7*h**2 - 19*h + 13. Let p(s) = 4*s**2 - 10*s + 7. Let q(x) = 5*p(x) - 3*y(x). Calculate q(5).
6
Let a(q) be the second derivative of q**3/3 - q**2/2 + 2*q - 3. What is a(-7)?
-15
Let i = -3 + 5. Suppose -14 + 2 = -i*a. Let j(o) = -o**2 + 5*o + 2. Let u be j(a). Let g(l) = l - 4. Give g(u).
-8
Let t(r) = 9*r**2 - 6*r**2 - 4*r**2 + 4 - 6*r + 0*r. Give t(-6).
4
Let c(d) be the first derivative of -d**3/3 - 6*d**2 + 13*d + 25. Give c(-13).
0
Let m be 13/(-3) - (-1)/3. Let a(j) = -3*j**2 - 31 - 5*j + j**2 + 30. Calculate a(m).
-13
Let n = -208 + 209. Let u(s) = -6*s**3 + s**2 - s + 1. Calculate u(n).
-5
Let v(m) = -m**2 - 1. Let d be (2 - 0) + (6 - 6). Let y(o) = 2*o + 1. Let i(j) = d*y(j) - 2*v(j). What is i(-3)?
10
Let b(k) be the second derivative of -2/3*k**3 + 0 + 5/12*k**4 + 7/2*k**2 - 6*k + 1/20*k**5. Determine b(-6).
-5
Let p(o) = o**3 + 9*o**2 + 9*o + 10. Let i be p(-8). Let f(n) = 2*n**2 - 3*n + 1. Calculate f(i).
3
Let a(o) = 11*o**2. Let c(j) = -j**3 + 5*j**2 - 1. Let l be c(5). Calculate a(l).
11
Let x(m) = m + 2. Let a be x(-3). Let v be -3 + a/(-1) - -6. Let w(n) = 0*n**3 - v - 4*n**3 + 4*n**2 + n + 3*n**3. What is w(3)?
8
Let a(z) = z + 7. Suppose 4*d - 9 = -1. Suppose -5*h - 5*q - 18 = -d*h, h + 6 = -4*q. Determine a(h).
1
Let o(p) = p**2 - 5*p. Let w(v) = 5*v**3 - v**2 + 2*v. Let g be w(1). What is o(g)?
6
Let t be -1 - (1 + (-3 - -1)). Let s(c) be the third derivative of 1/12*c**5 - 1/6*c**4 + c**2 + 0*c + t*c**3 - 1/120*c**6 + 0. Calculate s(4).
0
Suppose 0*s + 2*s - 10 = 0. Let b(x) = x - 2. What is b(s)?
3
Suppose 0 = -5*h + 3*f + 14, f + 0 + 1 = -2*h. Let y be -2 - -4*h - -1. Let x(p) be the third derivative of -p**6/120 + p**5/30 + p**4/6 - 4*p**2. What is x(y)?
3
Let v(d) = 13*d + 1. Let o(p) = 7*p. Let u(q) = -5*o(q) + 3*v(q). Calculate u(-2).
-5
Let h be 1 + -1 - (-12)/(-4). Let c(z) = z**2 + 2*z. Let y be c(-2). Let i(r) = -2*r**2 + y*r**2 + 1 - 2*r + r**2. What is i(h)?
-2
Let q(c) = -2*c**3 + c**2 + 5*c. Let l(r) = 3*r**3 - 3*r**2 - 10*r - 1. Let t(i) = 3*l(i) + 5*q(i). Suppose 0*x + 4*x + 12 = 0. What is t(x)?
3
Let b(w) = -w**3 - 2*w**2 + 2*w + 6. Let l(j) = j**2. Let p(t) = -t**3 + 3*t**2 - t + 2. Let k be p(3). Let m(d) = k*b(d) + 3*l(d). Determine m(-5).
4
Let n(b) = 24 + 4*b**2 - 18*b**3 - 30 + 19*b**3 - 5*b. Calculate n(-4).
14
Suppose -4*s - 9 = 5*j - 42, -5*s - 15 = -5*j. Let u be (-21)/6 - 1/s. Let n = u + 6. Let i(q) = q**2 - 2*q + 3. Give i(n).
3
Let s(a) = -a**3 + 4*a**2 - 3*a + 3. Let n = 11 - 9. Suppose n + 1 = o. What is s(o)?
3
Suppose 3 = 2*z - 5. Let i(m) = m**3 - 4*m**2 - 4*m + 1. Give i(z).
-15
Let u(p) = -p**3 - 2*p**2 + 3*p - 1. Let f(s) = s**3. Let d(k) = 2*f(k) + u(k). Determine d(2).
5
Let k(m) = 3*m + 1. Suppose 3*c + 14 = j, 0*c + 2*c - 5*j = 8. Let y be 4/c + 8/(-24). Calculate k(y).
-2
Let z(x) = -31*x**3 - 38*x**2 + 17*x - 32. Let w(d) = 11*d**3 + 13*d**2 - 6*d + 11. Let r(i) = -17*w(i) - 6*z(i). Give r(7).
5
Let m = -256 - -260. Let i(n) = 6 - 2*n + 1 - 3. Give i(m).
-4
Let l(p) = 6*p**2 + 14*p + p**3 - 42*p + 23*p - 2*p**3. Determine l(5).
0
Suppose -5*m + 15 = g, -5*m + 14 = -4*g - 26. Let a(n) = n - 1. Let w be a(5). Let h(p) = 0 - p**2 - 5*p - w + 3. What is h(g)?
-1
Let u = 32 - 17. Let y be (u/20)/((-2)/(-8)). Let n(m) = -2 + 3*m**2 - 3 + m**y - m + 2*m**2. Determine n(-5).
0
Let r(o) = 2 + 4*o - 1 - 2*o. Calculate r(-2).
-3
Let x(u) be the second derivative of 1/3*u**3 - 3*u + 0 - 1/6*u**4 + 1/2*u**2. Give x(3).
-11
Let r(w) = 4*w - 1. Let k(a) = a - 2. Let y be k(3). Determine r(y).
3
Suppose 3 - 15 = -4*v. Let y(k) = 1 - 4*k + 0*k**3 + k + 5*k**2 - k**v + 0*k. What is y(4)?
5
Let g(z) = z + 4. Let v(a) = 6*a**2 + 1 - a**2 - 2*a**2 - a**3. Let m be v(3). Suppose -r + w - m = 0, -3 = -3*r - w - 2. Determine g(r).
4
Let l(n) = n**3 - 4*n**2 + 2*n. Suppose 6 = -4*d + 2. Let a = -9 + d. Let r be (12/a)/(9/(-30)). Determine l(r).
8
Let q(a) = -3*a**2 + 6*a - 4. Let b be q(2). Let w(s) = 0 - 6*s - 2*s**2 - 2 - 3. Give w(b).
-13
Suppose -l - 15 = -4*l. Let z = l - 2. Let g(c) = -3*c**2 + 3*c + 0*c**2 + 2*c**2 - 10 + 13. Determine g(z).
3
Let l(z) be the third derivative of -z**6/120 - z**5/12 - z**4/4 - z**3/6 - 2*z**2. Let a be l(-4). Suppose -3*i + 4 = -a*i. Let w(y) = 8*y**2 + y. Give w(i).
7
Suppose 2 - 8 = -4*i - 2*p, 3*i - 5*p + 2 = 0. Let x(f) = -3*f**2 - f. What is x(i)?
-4
Let q = 4 + -2. Suppose -2*t = -4 + q. Let g(b) = 0*b - 4*b + 1 - b. Give g(t).
-4
Let q(a) = -a - 23. Let d be q(0). Let f = d - -11. Let h = f + 7. Let l(v) = -v - 8. Calculate l(h).
-3
Suppose -3 = -r - 2. Let z(i) = 3*i**3 - 2*i**2 + i. Let t be z(r). Let w(s) = -3*s + 3*s - t*s. Determine w(-2).
4
Let i(n) = -3*n. Let l(b) = -10*b - 2. Let y be l(0). What is i(y)?
6
Suppose -5*n - 1 - 4 = 0. Let o(a) be the first derivative of 5*a**4/24 - a**3/6 + 3*a**2/2 - 1. Let x(b) be the second derivative of o(b). What is x(n)?
-6
Let u(k) = -k + 4*k - 19*k**3 - 3 + 10*k**3 + 10*k**3 - 4*k**2. Calculate u(4).
9
Let k(w) = 14*w**2 - 21*w - 3. Let q(x) = 5*x**2 - 7*x - 1. Let v(f) = 4*k(f) - 11*q(f). Calculate v(7).
-1
Suppose 2*q + 7 = -5*k, 0 = -q - k + 5*k + 16. Suppose q*n - 13 = -25. Let c(h) = h + 1. What is c(n)?
-2
Let n = 22 + -16. Suppose -5*x + 18 = -3*d, x = -2*x - 4*d + 5. Suppose -n + x = -p. Let a(k) = -k**3 + 3*k**2 + k + 3. Give a(p).
6
Let j(w) = -14*w - 8. Let p = 12 + -20. Let h(g) = 9*g + 5. Let z(y) = p*h(y) - 5*j(y). Determine z(-5).
10
Let l(j) = -j + 1. Suppose 3*h = -h - 28. Let x be l(h). Let u be 1/((-2)/(x/1)). Let w(c) = -c**2 - 3*c - 2. Give w(u).
-6
Let d(y) be the third derivative of y**3 - 4*y**2 + 0*y + 1/120*y**6 + 0 - 1/15*y**5 - 1/4*y**4. Let j = 15 - 10. Determine d(j).
1
Let m be ((0 - (-15)/6) + -3)*10. Let p(n) = -n + 1. Give p(m).
6
Let p = 16 + -11. Suppose p*y = 3*g - 16, -2*y + 5*g + 2 = -3. Let v(n) = -4*n + 8 - 4 - n**2 - 2. Give v(y).
-3
Let g(v) = v**2 + 1. Let d(h) = -2*h**2 - 2. Let y(m) = 6*d(m) + 11*g(m). What is y(-1)?
-2
Suppose 5*n = 4 + 56. Let k = 11 - n. Let v(w) = 4*w**2. Calculate v(k).
4
Let x(m) = -12 + 1 + m + 15. Calculate x(-9).
-5
Let a(h) = 0*h + 6*h - 5 - 5*h. Give a(5).
0
Suppose 5*v - 2*v = 3. Let y(d) = -2*d + 5*d - 4*d - v. Let o = 871 - 866. What is y(o)?
-6
Let g = -9 - -14. Let b(w) = -w**3 + 4*w**2 + 6*w - 2. Calculate b(g).
3
Let q be (6/1)/(10 + -12). Let p(i) = -10*i**3 - i**2 + 3*i. Let s(a) = a**3 - a. Let c(h) = q*s(h) - p(h). Calculate c(1).
8
Let y = 28 + -34. Let w(f) be the first derivative of 1/2*f**2 + 1 + 2*f. Determine w(y).
-4
Suppose -4*r = -22 - 2. Let h(s) = -s**3 + 7*s**2 - 8*s + 3. Determine h(r).
-9
Let w(f) = -f**3 + 4*f**2 - 3*f + 5. Let j(k) = 2*k**3 - 7*k**2 + 5*k - 11. Let c(o) = -3*j(o) - 5*w(o). What is c(0)?
8
Let p(w) = -2*w - 1. Let j(a) = -3*a - 2. Let z(t) = 5*j(t) - 8*p(t). What is z(0)?
-2
Let w(j) = j**2 + 2*j - 1. Let l be w(-3). Let m be 1/(-2) + (-1)/(-2). Let h(a) = -1 - l*a + m*a + 6*a. What is h(-1)?
-5
Suppose -s - 3*s + 20 = 0. Let g be (s/(-2))/((-2)/4). Let b(l) = -l**3 + 5*l**2 + l - 4. Let o be b(g). Let f(c) = c**3 - 2*c**2 + c. What is f(o)?
0
Let c(n) = -2*n + 3. Let s(u) = -4*u + 2*u + u. Let r be s(-2). Let y be c(r). Let h(v) = -4*v**2 - 2*v - 1. Determine h(y).
-3
Let h(w) = -w**3 + 3*w**2 - w + 4. Let t = 17 - 14. What is h(t)?
1
Let h(r) = -r - 1. Suppose n + 0*n + 1 = -2*c, -3*n - 2*c - 3 = 0. Let d(v) = 7*v + 11. Let j(u) = n*d(u) - 6*h(u). Give j(-5).
0
Let z(c) = 11*c**3 + c**2 - c + 5. Let p(b) = -10*b**3 - b**2 + b - 4. Let q(x) = 5*p(x) + 4*z(x). What is q(1)?
-6
Let m(c) = c**2 - c - 4. Let n be 3*(4 - 16/6). Let d(f) = -f**2 - 8*f - 7. Let u be d(-7). Suppose u*j + n = j. Give m(j).
8
Let g = 32 + -28. Let a(p) = -2*p + 4. Give a(g).
-4
Suppose 9 = 5*j - 1. Suppose -14 = -j*x - 4. Let t(a) = -2*a + 3. Give t(x).
-7
Let t(k) be the first derivative of k**2 - 8*k + 6. Determine t(6).
4
Let v = 34 - 32. Let y(m) be the second derivative of 0 - 2*m**v - 1/3*m**3 + 2*m. Calcula